644684655 a prime number?
False
Is 1023226177 a prime number?
False
Is 107219446757 a composite number?
False
Is 32138003851 prime?
False
Is 1010641817 composite?
True
Is 80437817 a prime number?
False
Is 1666367951 prime?
True
Is 10868008573 a prime number?
False
Is 4935994507 a composite number?
False
Is 32088372077 a composite number?
False
Is 328969621 composite?
True
Is 4130271281 prime?
False
Is 33051003223 composite?
True
Is 428166166 a prime number?
False
Is 10232128363 composite?
False
Is 45627645139 a prime number?
False
Is 2462005673 composite?
False
Is 9108286393 a composite number?
False
Is 1318742701 composite?
True
Is 1317663937 a composite number?
True
Is 299964583 composite?
True
Is 7932350777 a prime number?
False
Is 160740876977 a prime number?
True
Is 267485367 prime?
False
Is 77171123 composite?
True
Is 4047117469 composite?
False
Is 13247296133 a prime number?
True
Is 3578781289 a composite number?
False
Is 3527161991 a prime number?
True
Is 1365465733 a prime number?
False
Is 1277869799 a prime number?
True
Is 3082531163 a composite number?
True
Is 133654128889 a prime number?
True
Is 33654916873 a composite number?
False
Is 178828412371 a composite number?
True
Is 1096300559 a composite number?
True
Is 158587567 composite?
True
Is 26789494129 composite?
False
Is 5452474427 a prime number?
True
Is 1010174689 a prime number?
True
Is 796494635 prime?
False
Is 43761764771 composite?
True
Is 7526528551 a prime number?
True
Is 136755697499 a prime number?
True
Is 16094877977 composite?
False
Is 190033498513 prime?
False
Is 26121393473 a composite number?
True
Is 58251247 composite?
False
Is 27762282023 a composite number?
True
Is 58717644223 a prime number?
False
Is 1098732571 prime?
True
Is 1163425409 a composite number?
False
Is 28525283 prime?
True
Is 17270434673 a prime number?
True
Is 2263505813 a composite number?
True
Is 5566163903 a prime number?
False
Is 5371512647 prime?
True
Is 4400780507 a composite number?
True
Is 1467432691 composite?
True
Is 56020157503 a prime number?
False
Is 995455037 a composite number?
False
Is 1804830065 a composite number?
True
Is 413226859 prime?
True
Is 1581094259 a composite number?
False
Is 7466145163 a composite number?
True
Is 7322805253 prime?
True
Is 31849742011 a composite number?
False
Is 11574311797 composite?
False
Is 47129610553 prime?
True
Is 6263333449 composite?
False
Is 48689603531 prime?
False
Is 6487719487 a composite number?
True
Is 3021117721 composite?
False
Is 318179903 a composite number?
True
Is 24581904827 composite?
False
Is 1002508477 composite?
False
Is 5631072743 a composite number?
True
Is 140134919 composite?
False
Is 5561245507 composite?
False
Is 5607166637 a prime number?
True
Is 4663133681 a prime number?
False
Is 36190538431 a composite number?
False
Is 88640569903 prime?
True
Is 378044279 a composite number?
False
Is 493140443 a prime number?
True
Is 21897371 composite?
False
Is 4331183563 composite?
True
Is 697865723 prime?
False
Is 114025117 prime?
True
Is 1299917413 prime?
True
Is 26997686249 prime?
True
Is 741392209 a prime number?
False
Is 157662599 composite?
True
Is 65158226907 composite?
True
Is 1476511037 a composite number?
True
Is 380753741 a prime number?
True
Is 9835030441 a composite number?
False
Is 25743380255 a prime number?
False
Is 37548649981 a prime number?
True
Is 2024448857 composite?
False
Is 23161443959 composite?
True
Is 2545655153 prime?
False
Is 429010243211 composite?
True
Is 10091234887 prime?
True
Is 62428004803 a prime number?
True
Is 13509317321 a composite number?
False
Is 46120829918 composite?
True
Is 15562847567 composite?
True
Is 3861990773 composite?
True
Is 315354107 composite?
False
Is 517842943 prime?
True
Is 937010707 composite?
True
Is 35281356863 a prime number?
False
Is 13879023877 prime?
False
Is 7549858189 a prime number?
True
Is 18556980569 prime?
True
Is 71729005547 prime?
True
Is 1812879701 a prime number?
True
Is 17013275779 a prime number?
True
Is 31981826599 composite?
False
Is 83795997827 a composite number?
True
Is 2537856319 a composite number?
True
Is 10015626319 a prime number?
True
Is 14411485369 prime?
True
Is 776859533 composite?
False
Is 2018586971 composite?
False
Is 10613518457 prime?
False
Is 611773231 a prime number?
True
Is 25758044339 prime?
True
Is 966268003 composite?
False
Is 2215653443 composite?
False
Is 92600463323 prime?
False
Is 33896776789 composite?
False
Is 27787777 a prime number?
False
Is 2206151923 a prime number?
True
Is 283350719 prime?
True
Is 649407849 a prime number?
False
Is 6196684114 composite?
True
Is 1747145866 a prime number?
False
Is 1976799067 a composite number?
True
Is 5374639121 prime?
True
Is 852141263 a composite number?
True
Is 96928973 composite?
False
Is 378447937 composite?
True
Is 66330035137 prime?
False
Is 1005207449 composite?
True
Is 99280568477 a prime number?
True
Is 249612817 prime?
False
Is 188030399 prime?
True
Is 15995576515 prime?
False
Is 8188041269 a prime number?
True
Is 14312090017 prime?
False
Is 13123911 composite?
True
Is 55534297759 a composite number?
False
Is 1563392993 a prime number?
False
Is 972760429 composite?
True
Is 3735336461 a composite number?
False
Is 2900397691 prime?
False
Is 2235301897 a prime number?
False
Is 787848329 prime?
True
Is 1427440823 prime?
False
Is 2986748159 a prime number?
False
Is 1922014499 a prime number?
False
Is 8326055977 a prime number?
False
Is 11448586351 a composite number?
False
Is 471123869 a prime number?
True
Is 68595501179 composite?
False
Is 863446281 a prime number?
False
Is 119898689 a composite number?
False
Is 363395819 prime?
True
Is 17205862 composite?
True
Is 2470380467 a prime number?
True
Is 402251809 prime?
True
Is 24853039 a prime number?
True
Is 2488740571 composite?
True
Is 11329505557 prime?
True
Is 7007837717 a prime number?
False
Is 1892195827 a prime number?
True
Is 128110806933 a prime number?
False
Is 1149085969 a composite number?
False
Is 4061286079 prime?
True
Is 1090138139 composite?
True
Is 6059490893 a composite number?
True
Is 12084231157 a composite number?
False
Is 9836263 composite?
True
Is 48071449663 composite?
True
Is 2234467069 composite?
False
Is 92095129 a composite number?
True
Is 2149588561 a prime number?
False
Is 2287074397 composite?
True
Is 218504507 composite?
True
Is 770727467 composite?
False
Is 316626493 a prime number?
True
Is 153827490709 composite?
True
Is 17691433517 a composite number?
False
Is 1294865813 prime?
False
Is 47567467 composite?
False
Is 5458677661 a composite number?
True
Is 912110203 a prime number?
True
Is 17702749979 prime?
False
Is 16402112417 composite?
False
Is 308158871 composite?
False
Is 6450643861 a prime number?
False
Is 2684959981 prime?
False
Is 1335875179 a composite number?
False
Is 2542977989 composite?
True
Is 113392748899 composite?
False
Is 2937795167 prime?
True
Is 46762594673 a prime number?
False
Is 2125984223 prime?
False
Is 134301697 composite?
True
Is 4477732289 composite?
True
Is 31007352979 a prime number?
False
Is 277085717 composite?
False
Is 788599087 prime?
True
Is 12598122137 composite?
False
Is 115258890083 composite?
False
Is 3116779333 prime?
True
Is 704324129 composite?
True
Is 1581460087 a composite number?
False
Is 28827298886 prime?
False
Is 5501954179 a composite number?
False
Is 56908067 prime?
False
Is 178326763 a composite number?
True
Is 3054384941 a composite number?
False
Is 708586303 a prime number?
False
Is 14028134893 prime?
False
Is 1338019739 a composite number?
True
Is 2543508965 a composite number?
True
Is 1352129602 composite?
True
Is 2050966273 a composite number?
True
Is 4519020203 composite?
False
Is 5495195681 prime?
False
Is 1873528463 a composite number?
True
Is 135200531 a composite number?
False
Is 51233810311 a prime number?
False
Is 1624401623 composite?
True
Is 11958689203 a prime number?
True
Is 445713773 composite?
False
Is 1070328461 composite?
False
Is 3396867637 a composite number?
False
Is 9841492847 a composite number?
False
Is 1686980809 a composite number?
False
Is 8241964271 prime?
True
Is 498328513 composite?
True
Is 652954163 prime?
True
Is 15874625081 a composite number?
True
Is 2981063011 composite?
False
Is 1010008529 prime?
True
Is 163